ds digit of 46322?
6
What is the thousands digit of 2222?
2
What is the units digit of 16959?
9
What is the tens digit of 261?
6
What is the hundreds digit of 38787?
7
What is the units digit of 1012?
2
What is the thousands digit of 1176?
1
What is the units digit of 554?
4
What is the units digit of 150?
0
What is the units digit of 30456?
6
What is the tens digit of 2006?
0
What is the hundreds digit of 94783?
7
What is the hundreds digit of 35834?
8
What is the tens digit of 1317?
1
What is the thousands digit of 1654?
1
What is the ten thousands digit of 21738?
2
What is the units digit of 22243?
3
What is the hundreds digit of 3609?
6
What is the units digit of 462?
2
What is the thousands digit of 12531?
2
What is the ten thousands digit of 19756?
1
What is the hundreds digit of 69757?
7
What is the hundreds digit of 12961?
9
What is the tens digit of 10622?
2
What is the units digit of 1341?
1
What is the tens digit of 3410?
1
What is the hundreds digit of 30534?
5
What is the units digit of 27071?
1
What is the thousands digit of 39615?
9
What is the tens digit of 18688?
8
What is the ten thousands digit of 78952?
7
What is the hundred thousands digit of 143182?
1
What is the thousands digit of 94016?
4
What is the tens digit of 3539?
3
What is the units digit of 273?
3
What is the thousands digit of 1272?
1
What is the units digit of 534?
4
What is the ten thousands digit of 11769?
1
What is the hundreds digit of 84229?
2
What is the ten thousands digit of 16296?
1
What is the hundred thousands digit of 158633?
1
What is the hundreds digit of 54639?
6
What is the tens digit of 887?
8
What is the hundreds digit of 252?
2
What is the hundreds digit of 1280?
2
What is the ten thousands digit of 16956?
1
What is the hundreds digit of 1586?
5
What is the units digit of 44?
4
What is the tens digit of 7467?
6
What is the tens digit of 42?
4
What is the thousands digit of 16361?
6
What is the tens digit of 987?
8
What is the thousands digit of 4089?
4
What is the tens digit of 19181?
8
What is the ten thousands digit of 13424?
1
What is the hundreds digit of 39598?
5
What is the hundreds digit of 740?
7
What is the hundreds digit of 2193?
1
What is the hundreds digit of 15086?
0
What is the units digit of 922?
2
What is the hundred thousands digit of 140123?
1
What is the thousands digit of 8092?
8
What is the units digit of 92314?
4
What is the units digit of 13558?
8
What is the tens digit of 9331?
3
What is the hundreds digit of 156199?
1
What is the units digit of 21085?
5
What is the hundreds digit of 708?
7
What is the hundreds digit of 31284?
2
What is the hundreds digit of 1147?
1
What is the ten thousands digit of 13308?
1
What is the thousands digit of 2405?
2
What is the thousands digit of 67615?
7
What is the hundreds digit of 7601?
6
What is the hundreds digit of 385?
3
What is the hundreds digit of 33537?
5
What is the hundreds digit of 771?
7
What is the tens digit of 1285?
8
What is the hundred thousands digit of 103825?
1
What is the units digit of 1454?
4
What is the hundreds digit of 929?
9
What is the hundreds digit of 85133?
1
What is the tens digit of 705?
0
What is the tens digit of 43666?
6
What is the thousands digit of 21021?
1
What is the hundreds digit of 2012?
0
What is the units digit of 516?
6
What is the units digit of 178?
8
What is the thousands digit of 191189?
1
What is the tens digit of 91?
9
What is the tens digit of 3800?
0
What is the thousands digit of 2956?
2
What is the hundreds digit of 4241?
2
What is the thousands digit of 3592?
3
What is the units digit of 884?
4
What is the thousands digit of 1254?
1
What is the tens digit of 2784?
8
What is the hundreds digit of 712?
7
What is the tens digit of 4819?
1
What is the hundreds digit of 146702?
7
What is the tens digit of 403?
0
What is the hundreds digit of 1234?
2
What is the units digit of 27533?
3
What is the units digit of 18323?
3
What is the tens digit of 21703?
0
What is the ten thousands digit of 15156?
1
What is the hundreds digit of 4596?
5
What is the hundreds digit of 20606?
6
What is the tens digit of 1411?
1
What is the units digit of 6831?
1
What is the thousands digit of 65794?
5
What is the hundreds digit of 787?
7
What is the hundreds digit of 1083?
0
What is the tens digit of 301?
0
What is the units digit of 81409?
9
What is the hundreds digit of 12716?
7
What is the units digit of 40285?
5
What is the ten thousands digit of 49618?
4
What is the thousands digit of 32960?
2
What is the ten thousands digit of 19550?
1
What is the tens digit of 1378?
7
What is the tens digit of 42988?
8
What is the units digit of 895?
5
What is the hundreds digit of 280?
2
What is the units digit of 5153?
3
What is the hundreds digit of 437?
4
What is the hundreds digit of 790?
7
What is the hundreds digit of 1585?
5
What is the tens digit of 4918?
1
What is the tens digit of 3839?
3
What is the hundreds digit of 774?
7
What is the units digit of 519?
9
What is the hundreds digit of 1433?
4
What is the units digit of 38349?
9
What is the tens digit of 4406?
0
What is the units digit of 1194?
4
What is the ten thousands digit of 32757?
3
What is the units digit of 3239?
9
What is the tens digit of 1331?
3
What is the units digit of 232?
2
What is the tens digit of 108?
0
What is the hundreds digit of 48707?
7
What is the thousands digit of 130731?
0
What is the units digit of 2009?
9
What is the hundreds digit of 25975?
9
What is the hundreds digit of 4513?
5
What is the hundreds digit of 11740?
7
What is the units digit of 257?
7
What is the units digit of 114083?
3
What is the tens digit of 146?
4
What is the hundreds digit of 802?
8
What is the tens digit of 16663?
6
What is the units digit of 4623?
3
What is the units digit of 4288?
8
What is the tens digit of 546?
4
What is the hundreds digit of 710?
7
What is the tens digit of 8465?
6
What is the hundreds digit of 560?
5
What is the hundreds digit of 4565?
5
What is the thousands digit of 2795?
2
What is the units digit of 24915?
5
What is the hundreds digit of 1661?
6
What is the units digit of 5931?
1
What is the tens digit of 47652?
5
What is the hundreds digit of 36240?
2
What is the tens digit of 1442?
4
What is the tens digit of 280?
8
What is the tens digit of 1628?
2
What is the hundreds digit of 3686?
6
What is the ten thousands digit of 19906?
1
What is the hundred thousands digit of 165938?
1
What is the thousands digit of 26968?
6
What is the ten thousands digit of 30480?
3
What is the hundreds digit of 8260?
2
What is the tens digit of 2937?
3
What is the tens digit of 23716?
1
What is the hundreds digit of 18896?
8
What is the units digit of 1540?
0
What is the ten thousands digit of 40845?
4
What is the hundreds digit of 4768?
7
What is the thousands digit of 1809?
1
What is the hundreds digit of 63650?
6
What is the thousands digit of 6508?
6
What is the tens digit of 83626?
2
What is the ten thousands digit of 56689?
5
What is the ten thousands digit of 15898?
1
What is the units digit of 5247?
7
What is the hundreds digit of 5518?
5
What is the thousands digit of 31250?
1
What is the units digit of 5536?
6
What is the units digit of 4893?
3
What is the units digit of 8041?
1
What is the tens digit of 442?
4
What is the units digit of 10955?
5
What is the units digit of 1002?
2
What is the units digit of 24140?
0
What is the units digit of 15309?
9
What is the tens digit of 3722?
2
What is the ten thousands digit of 13789?
1
What is the hundreds digit of 3090?
0
What is the tens digit of 16274?
7
What is the units digit of 64775?
5
What is the hundreds digit of 2058?
0
What is the hundreds digit of 2947?
9
What is the tens digit of 1227?
2
What is the hundreds digit of 1416?
4
What is the units digit of 923?
3
What is the tens digit of 13?
1
What is the thousands digit of 1161?
1
What is the tens digit of 1730?
3
What is the units digit of 6715?
5
What is the thousands digit of 3073?
3
What is the thousands digit of 6252?
6
What is the units digit of 4937?
7
What is the tens digit of 5245?
4
What is the hundreds digit of 2628?
6
What is the units digit of 462?
2
What is the tens digit of 611?
1
What is the tens digit of 3982?
8
What is the thousands digit of 11910?
1
Wh